))*-39.
13
Let w = -14956 + 14948. Let p(d) = -3*d + 16 + 2*d + 24. What are the prime factors of p(w)?
2, 3
Suppose 5*p = -9*r + 6*r - 506, -5*p - 510 = 5*r. Let m = 113 + p. What are the prime factors of m?
13
Suppose 5*v - 1866 = 4*w, 0 = 3*v - 0*v + 5*w - 1090. Suppose -v = 25*i - 30*i. What are the prime factors of i?
2, 37
Let l(r) = 2*r**3 + 12*r**2 + 6*r + 11. Let a be (16/20)/((-219)/45 - -5). List the prime factors of l(a).
911
Let h(z) = 410*z + 1959. List the prime factors of h(46).
109, 191
List the prime factors of ((-2)/(4/262))/((851/4508)/(-37)).
2, 7, 131
Let c(d) = 53*d + 4617. List the prime factors of c(50).
13, 43
Suppose -4*y + 4*f - f + 11998 = 0, 3*y + 4*f = 8986. Let j = 4400 - y. What are the prime factors of j?
2, 701
Suppose 6*a = 2*a - 20, -238573 = -4*p + a. What are the prime factors of p?
2, 11, 2711
Suppose -4067 - 13912 = -4*j + h, 0 = -5*j + 4*h + 22482. What are the prime factors of j?
2, 3, 7, 107
Let z(k) = k**2 + k - 32. Let a be z(10). Suppose j = -a + 331. List the prime factors of j.
11, 23
Let o = -153 - -158. Suppose 0 = o*t - 1255 - 585. What are the prime factors of t?
2, 23
Suppose 19*i - 21*i - 5*y + 53099 = 0, 3*i - 79621 = -2*y. List the prime factors of i.
7, 17, 223
Suppose 79*l - 2 = 78*l. Suppose 15*w + 10 = 20*w. Suppose -5*p = -l*c - 31, 5*c = -w*p + 6*c + 13. What are the prime factors of p?
5
Let x = -73 - -187. Suppose -5*u - 4*h + 2 = 28, 0 = -u + 5*h + 18. List the prime factors of x + -1 + (1 - u).
2, 29
Let h = 6 - -20. Let r be (-486)/(-10) + h/65. Suppose -181 = -5*f + r. List the prime factors of f.
2, 23
Suppose 5*s - 202 = -2*h + 276, 4*h - 4*s = 1012. Let u = h - -137. What are the prime factors of u?
2, 193
Let y(t) = -6*t - 256. Let p be y(0). Let d = -61 - p. List the prime factors of d.
3, 5, 13
Suppose -10*w + 864750 = 2*w + 138*w. List the prime factors of w.
5, 1153
Suppose 2*f - 617 = 2*w + 19695, -3*f + 4*w + 30472 = 0. What are the prime factors of f?
2, 3, 47
Let i be 1396068/(-144) - (-2)/(-24). What are the prime factors of (3/5)/((-7)/i) - -6?
3, 31
Let j(a) = 944*a**2 - 22*a + 109. What are the prime factors of j(4)?
5, 11
Let o(w) = 3451*w**2 - 169*w - 502. What are the prime factors of o(-3)?
2, 11, 353
Let w(g) = -18*g**3 - 15*g**2 - 9*g - 56. List the prime factors of w(-10).
2, 7, 1181
Suppose -p - 61998 = -4*x, 5*p = -x - 5063 + 20552. List the prime factors of x.
11, 1409
Let t = -19 - -43. List the prime factors of 490/15*t/16.
7
Suppose -97*x = n - 100*x - 21745, -5*n + 108781 = -x. What are the prime factors of n?
21757
Suppose -27 = -5*c - 12. Let t(f) = f**3 - 4*f**2 + 3*f + 3. Let k be t(c). Suppose 35 = h - 3*o, -2*o - o - 129 = -k*h. What are the prime factors of h?
47
Let a(p) = -69*p + 348. Let w be a(5). What are the prime factors of 6 - w/(-2)*9032/12?
5, 227
Suppose -3*x - 82 = -o - 3*o, -5*o + 80 = -3*x. Suppose 0 = 5*v - 2*v - 159. Let d = v + x. List the prime factors of d.
23
Suppose -246*v + 241*v + 25 = 2*n, -5*v = -5. Let d(p) = p**3 + p**2 - p + 42. Let i be d(0). Let x = i - n. What are the prime factors of x?
2
Suppose -16 = q + 41. Let z = q - -67. Let o(j) = j**3 - 8*j**2 - j + 12. List the prime factors of o(z).
2, 101
List the prime factors of ((-6)/(-87))/(-1) + 1939608/1276.
2, 5, 19
Suppose 11*n - 36036 = -3*n. List the prime factors of n.
2, 3, 11, 13
Let w be ((-5)/(-2))/(-4*(-3)/48). Let d(x) = -7 + 2*x - 14*x**2 + 19 + w - x**3 - 4*x. List the prime factors of d(-14).
2, 5
Let p(d) = -646*d + 440. What are the prime factors of p(-17)?
2, 5711
Let s(m) be the first derivative of -62*m**2 - 59*m + 54. List the prime factors of s(-5).
3, 11, 17
Suppose -k - 5*o = 42, -2*o - 2*o = 2*k + 96. List the prime factors of 47 + k - (1 - 552).
2, 3, 7, 13
Suppose -44*c + 208603 + 23233 = 0. List the prime factors of c.
11, 479
Let p be 3*(44/6 - 4). Suppose 0 = -4*w + 9*w - p. What are the prime factors of (60 - (w*-2 - -1)) + 0?
3, 7
Suppose 57*g - 1279817 = -338*g + 4691003. What are the prime factors of g?
2, 3779
Let t(w) = w**3 + 7*w**2 - 8*w + 2. Let h(l) = l**3 - 11*l**2 + 5*l - 51. Let q be h(11). What are the prime factors of t(q)?
2, 73
Let u = -280 - -275. Let x(l) = -2*l**3 + 6*l**2 + 4*l + 9. List the prime factors of x(u).
389
Let w(v) = 48*v**3 + 14*v**2 - 28*v + 38. List the prime factors of w(4).
2, 3, 179
Let i be (-12)/8 + (-21)/(-2). Let w = i + -29. Let d = 27 + w. List the prime factors of d.
7
Suppose 0 = 3*j + 2*c - 4*c - 43802, -58400 = -4*j + 2*c. List the prime factors of j.
2, 3, 811
Let b(l) = -2*l**3 + 9*l**2 + 5*l + 4. Let z be b(5). Suppose 1409 - 453 = 4*i + z*a, 0 = 2*i + 3*a - 474. List the prime factors of i.
3
Suppose -5*r + 237 = -593. Let a(p) = -p - 5. Let i be a(-8). Suppose 23 = s - 4*o, 2*s - i*o = -3*s + r. List the prime factors of s.
5, 7
List the prime factors of 9297 - (-6 - 275/(-50))*2*1.
2, 4649
Let x(t) = 3*t**2 - 2*t + 1196. Let o be x(0). Suppose j = -3*j - o. Let c = j + 418. List the prime factors of c.
7, 17
List the prime factors of -1 + (10 - 13) + (-3 - -972).
5, 193
Let i(r) = -2*r**2 - r - 1. Let h be i(4). Let o = h - -106. Let m = 97 - o. List the prime factors of m.
2, 7
Let b(f) = -2*f**3 - 35*f**2 + 8*f - 42. Let g be b(-18). Let o = g + 183. List the prime factors of o.
3, 107
Suppose 6*s - 5646 = -2226. Suppose -5*i - 2*l = -944, 3*l - s = -3*i - 0*l. What are the prime factors of i?
2, 47
Let i be 10/(40/52) + -5. Suppose 0 = -i*o - 34 + 1746. List the prime factors of o.
2, 107
Let p(z) = 875*z - 346. What are the prime factors of p(5)?
3, 17, 79
Suppose -4*y + y = 0, 4*x = -2*y + 20. What are the prime factors of 2/(-6) - x/(30/(-2102))?
2, 5, 7
Let n be (-5650)/18 - (-3)/(-27). Let d = -162 - n. Suppose -3*a + 61 = x + 3, -d = -3*x + 2*a. List the prime factors of x.
2, 13
Suppose -16 = -z - 16, 0 = -i - z + 59343. List the prime factors of i.
3, 131, 151
Let r be (-16 - -13) + 3*1. Suppose -3*d - 150 = -3*z, 2*z + r = -d + 106. Let h = z + -33. List the prime factors of h.
19
Let a = 215 - -109. Suppose 1 = 2*j - r, -6 = 4*j + 3*r - 23. Suppose -a = -5*s + j*s. List the prime factors of s.
2, 3
Suppose -6*g - 3*g + 27681 - 8835 = 0. What are the prime factors of g?
2, 3, 349
Let c be (8/10)/(32/160). Suppose 3*b + 945 = 3*j, -b - c*b + 1545 = 5*j. What are the prime factors of j?
2, 3, 13
Let d(g) = 116*g - 3. Let i(q) = q**3 + 2*q**2 - 4*q. Let y be i(-3). What are the prime factors of d(y)?
3, 5, 23
Let u = 26559 - 15451. What are the prime factors of u?
2, 2777
Let y(v) = -v**2 + v. Let p(m) = -5*m**2 - 10*m - 3. Let g(w) = -p(w) + 3*y(w). Let a be g(-6). Let u(j) = -31*j - 5. What are the prime factors of u(a)?
2, 11
Suppose -4*c + 9 = -a, 5*c = 4*c + 2*a - 3. Suppose -f + c = -1. Suppose 3*b - 293 = -f*m, -3*b + 68 = m - 4*b. What are the prime factors of m?
71
Let j(d) = -d**3 + 13*d**2 - 13*d - 32. Suppose -31 = -8*y + 57. Let u be j(y). Suppose 0 = 7*s - 8*s + u. What are the prime factors of s?
67
Let d(n) = -26 + 15 + 2*n - 9 - 59. Let i(c) = -5*c + 158. Let h(y) = -7*d(y) - 3*i(y). What are the prime factors of h(0)?
79
Let t = -30304 - -53332. List the prime factors of t.
2, 3, 19, 101
Let n be (1/(3/4))/(2/75). Suppose -3*m + 387 + 18 = 0. Suppose -w = n - m. List the prime factors of w.
5, 17
Let y(f) = -2*f**2. Let h be y(1). Let m(r) = 6*r - 1. Let l(o) = 4*o + 1. Let i(z) = 2*l(z) - 6*m(z). What are the prime factors of i(h)?
2
Let z(a) = -a**3 + 3*a**2 + 27*a + 32. Let g be z(-10). What are the prime factors of g + 9 + 4 + -5?
2, 5, 107
Let i be (-10)/(-200)*3985 + 2/(-8). Let t = i - -61. What are the prime factors of t?
2, 5, 13
Let y(p) = 542*p**2 + 173*p - 1875. What are the prime factors of y(10)?
5, 19, 569
Let q(p) = -41*p**3 + 12*p**2 + 58*p + 267. What are the prime factors of q(-6)?
3, 11, 31
Suppose 15*l - 16*l = 2*r - 17052, -3*l + 51181 = r. List the prime factors of l.
2, 19, 449
Let t(w) = -2*w**3 - 3*w**2 - 7*w - 12. Let d be ((-15)/3)/(1 - 0). Let l be t(d). Suppose 23*q - 20*q = l. What are the prime factors of q?
2, 3, 11
Suppose -58*d - 212*d + 711627 = 288807. What are the prime factors of d?
2, 3, 29
Suppose 49610 = 5*r - 5*y, -4*y + 841 = 4*r - 38871. What are the prime factors of r?
5, 397
Let x(t) be the first d